s digit of 54255065?
5
What is the hundred thousands digit of 177551910?
5
What is the ten millions digit of 77133156?
7
What is the hundred millions digit of 404141839?
4
What is the ten millions digit of 41463273?
4
What is the tens digit of 181378041?
4
What is the millions digit of 3404588644?
4
What is the thousands digit of 24325144?
5
What is the tens digit of 4966443178?
7
What is the millions digit of 9071343?
9
What is the millions digit of 4062886?
4
What is the hundred thousands digit of 3198160210?
1
What is the units digit of 616807800?
0
What is the hundred thousands digit of 46176105?
1
What is the units digit of 288951228?
8
What is the ten thousands digit of 5484662579?
6
What is the units digit of 2312566911?
1
What is the ten millions digit of 49925323?
4
What is the hundred millions digit of 3852986550?
8
What is the hundred millions digit of 1748415047?
7
What is the ten millions digit of 1173493702?
7
What is the units digit of 636502206?
6
What is the tens digit of 318819646?
4
What is the hundreds digit of 241192684?
6
What is the ten millions digit of 63406910?
6
What is the ten thousands digit of 362043995?
4
What is the millions digit of 14437189?
4
What is the tens digit of 29758519?
1
What is the ten millions digit of 80708430?
8
What is the ten millions digit of 27211233?
2
What is the hundred millions digit of 4196746410?
1
What is the ten millions digit of 1158907449?
5
What is the units digit of 2945327478?
8
What is the hundred thousands digit of 615841028?
8
What is the hundred millions digit of 516654862?
5
What is the units digit of 432146625?
5
What is the units digit of 59823842?
2
What is the thousands digit of 56372626?
2
What is the millions digit of 4110852998?
0
What is the ten millions digit of 208107935?
0
What is the units digit of 520982199?
9
What is the millions digit of 1540808241?
0
What is the millions digit of 431464143?
1
What is the ten millions digit of 818223254?
1
What is the thousands digit of 56680892?
0
What is the hundred millions digit of 111796132?
1
What is the hundreds digit of 342933340?
3
What is the ten millions digit of 5928276123?
2
What is the units digit of 270834438?
8
What is the units digit of 383890156?
6
What is the ten millions digit of 446146165?
4
What is the ten thousands digit of 8073058?
7
What is the hundred millions digit of 4851801138?
8
What is the ten millions digit of 35091594?
3
What is the hundreds digit of 40855710?
7
What is the units digit of 5309494437?
7
What is the hundred thousands digit of 2387069976?
0
What is the tens digit of 3797658734?
3
What is the thousands digit of 56721804?
1
What is the units digit of 120529504?
4
What is the hundred thousands digit of 991334058?
3
What is the ten thousands digit of 2396579152?
7
What is the tens digit of 47677535?
3
What is the units digit of 29834867?
7
What is the units digit of 1959434910?
0
What is the units digit of 49998248?
8
What is the hundreds digit of 322888789?
7
What is the billions digit of 2942221433?
2
What is the thousands digit of 249706091?
6
What is the tens digit of 27895940?
4
What is the thousands digit of 46992343?
2
What is the tens digit of 1599055366?
6
What is the ten thousands digit of 136017827?
1
What is the ten thousands digit of 66334854?
3
What is the hundred millions digit of 1049296607?
0
What is the hundred thousands digit of 236229801?
2
What is the millions digit of 52880697?
2
What is the ten millions digit of 47966175?
4
What is the millions digit of 164321579?
4
What is the tens digit of 4571140963?
6
What is the ten thousands digit of 895008612?
0
What is the millions digit of 28079885?
8
What is the hundreds digit of 550594621?
6
What is the hundreds digit of 49984664?
6
What is the units digit of 1477379488?
8
What is the hundred thousands digit of 751352957?
3
What is the hundreds digit of 7183117564?
5
What is the hundreds digit of 36940019?
0
What is the hundred millions digit of 1882672217?
8
What is the hundred thousands digit of 876417152?
4
What is the thousands digit of 104607852?
7
What is the millions digit of 63645386?
3
What is the ten thousands digit of 148471602?
7
What is the ten millions digit of 85094202?
8
What is the ten millions digit of 4924810072?
2
What is the thousands digit of 84707039?
7
What is the ten millions digit of 77809352?
7
What is the hundred thousands digit of 11698721?
6
What is the millions digit of 132823308?
2
What is the hundred thousands digit of 51013450?
0
What is the ten thousands digit of 2348395903?
9
What is the tens digit of 236753797?
9
What is the millions digit of 206835403?
6
What is the ten thousands digit of 462507731?
0
What is the hundred thousands digit of 231712860?
7
What is the hundred thousands digit of 54908803?
9
What is the hundred millions digit of 248458386?
2
What is the millions digit of 169106554?
9
What is the millions digit of 202669919?
2
What is the thousands digit of 10166458?
6
What is the thousands digit of 763960585?
0
What is the thousands digit of 420364731?
4
What is the tens digit of 71249991?
9
What is the ten thousands digit of 113799499?
9
What is the hundreds digit of 1627787289?
2
What is the units digit of 1614204808?
8
What is the hundreds digit of 15739899?
8
What is the tens digit of 1379676276?
7
What is the ten thousands digit of 36136789?
3
What is the ten thousands digit of 751990130?
9
What is the hundreds digit of 1519523748?
7
What is the hundreds digit of 9734372?
3
What is the millions digit of 164910732?
4
What is the ten thousands digit of 38910216?
1
What is the units digit of 76771452?
2
What is the millions digit of 122543287?
2
What is the millions digit of 112552764?
2
What is the ten thousands digit of 3131578280?
7
What is the ten thousands digit of 60460453?
6
What is the ten millions digit of 316927672?
1
What is the ten thousands digit of 1526103691?
0
What is the ten millions digit of 13699182?
1
What is the ten thousands digit of 396102560?
0
What is the hundred millions digit of 116252061?
1
What is the thousands digit of 72844261?
4
What is the tens digit of 1413393?
9
What is the thousands digit of 1049000114?
0
What is the thousands digit of 2323303838?
3
What is the hundred millions digit of 270622116?
2
What is the thousands digit of 232940921?
0
What is the thousands digit of 50193711?
3
What is the units digit of 1511927963?
3
What is the thousands digit of 186115786?
5
What is the millions digit of 19952267?
9
What is the hundreds digit of 2826330317?
3
What is the ten millions digit of 128348939?
2
What is the units digit of 156142096?
6
What is the ten thousands digit of 65042906?
4
What is the ten thousands digit of 5575500145?
0
What is the hundred millions digit of 825803400?
8
What is the ten thousands digit of 317813715?
1
What is the millions digit of 562777308?
2
What is the hundreds digit of 43895132?
1
What is the hundred millions digit of 3793126298?
7
What is the millions digit of 1106333446?
6
What is the hundred thousands digit of 189385340?
3
What is the tens digit of 765649682?
8
What is the hundreds digit of 1780581613?
6
What is the units digit of 9690453?
3
What is the hundreds digit of 430124887?
8
What is the tens digit of 180653473?
7
What is the thousands digit of 1266936561?
6
What is the hundreds digit of 93412275?
2
What is the tens digit of 440261185?
8
What is the thousands digit of 2330561515?
1
What is the units digit of 1121516611?
1
What is the millions digit of 239019323?
9
What is the ten millions digit of 517922234?
1
What is the hundred thousands digit of 19547317?
5
What is the billions digit of 3406214959?
3
What is the hundreds digit of 333035232?
2
What is the tens digit of 32442658?
5
What is the ten thousands digit of 335608177?
0
What is the units digit of 8374844?
4
What is the tens digit of 300312352?
5
What is the units digit of 88867120?
0
What is the units digit of 69232165?
5
What is the units digit of 215929392?
2
What is the hundred thousands digit of 90361867?
3
What is the tens digit of 399026924?
2
What is the hundred thousands digit of 7107479313?
4
What is the hundred thousands digit of 15604306?
6
What is the millions digit of 17614846?
7
What is the millions digit of 274